 179.
7
Let d = -45 + 157. Suppose -4*y + a = -d + 27, -3*a = 2*y - 25. What is the remainder when y is divided by 11?
9
Let i = 562 + -477. What is the remainder when i is divided by 28?
1
Let x(o) = 8*o**2 - 3*o - 4. Suppose 2*m = -3*s + 218, -3*m + m + s = -218. Calculate the remainder when m is divided by x(2).
21
Suppose -8 = -d - 6. Let k(j) = 17*j - 2. What is the remainder when 125 is divided by k(d)?
29
Suppose -12*l - 3*p + 117 = -9*l, -l + 34 = 2*p. What is the remainder when l is divided by 17?
10
Let a(y) = y**3 - 6*y**2 - 8*y + 5. Let h be a(7). Let q be 6 - -1*(-2)/h. Suppose 0 = -3*v + q*v - 24. Calculate the remainder when 15 is divided by v.
3
Let i = 27 + -17. Suppose 2*s = -w - 33, 2*s + 8 = 7*w - 3*w. Let d = s + 43. Calculate the remainder when d is divided by i.
9
Let t = -235 - -319. What is the remainder when t is divided by 6?
0
Let y = -59 - -74. Let c = -51 - -94. Calculate the remainder when c is divided by y.
13
Suppose l + 3*y - 69 = -2*l, -y = -3*l + 89. Calculate the remainder when l is divided by 288/27 - 11 - 147/(-9).
12
Let o = -82 - -92. Suppose -i + 12 = -o. What is the remainder when i is divided by 6?
4
Let c(o) = 6*o + 8. Let y be c(-3). What is the remainder when 39 is divided by (-1 + -1)*y/2?
9
What is the remainder when 151 is divided by 4 - (11 - 2) - -14?
7
Let o = 26 + -1. Let k = -10 + 19. Let c(m) = -m**3 + 8*m**2 + 9*m + 13. What is the remainder when o is divided by c(k)?
12
Let f(j) = -2*j**3 - 99*j**2 + 52*j + 117. What is the remainder when 185 is divided by f(-50)?
15
Let i(w) = 3*w**3 - 6*w**2 + 5*w - 9. What is the remainder when i(4) is divided by 6?
5
Let h = 309 - -2. What is the remainder when h is divided by 39?
38
Suppose -2*d - 3*d = -b + 300, 0 = 4*b - 4*d - 1264. Calculate the remainder when b is divided by 17.
14
Let l(t) = -74*t + 178. Calculate the remainder when l(-4) is divided by 68.
66
Suppose -2*k = 136 + 10. Let j = k + 119. Calculate the remainder when j is divided by 25.
21
Suppose -40*w + 20*w - 19*w = -195. Suppose 3 = 4*g + 11, -r - 3*g + 11 = 0. Calculate the remainder when r is divided by w.
2
Suppose -62*u - 246 = -68*u. Calculate the remainder when 241 is divided by u.
36
Let m be (-942)/(-4)*(-24)/(-18). Let i = m + -171. Suppose 4*v - i = -43. Calculate the remainder when v is divided by 7.
4
Let s = 183 + -3. Suppose -4*v - 24 = -s. What is the remainder when 154 is divided by v?
37
Suppose -100 = -32*i - 18*i. Calculate the remainder when 23 is divided by i.
1
Let q be 2 + (1*66 - -2). Let j = -34 - -39. Suppose -j*h + 0*h = -q. Calculate the remainder when 41 is divided by h.
13
Let z = 1737 + -1674. What is the remainder when 117 is divided by z?
54
Let c = -26 + 29. Suppose -c*n = -8*n + 60. What is the remainder when 31 is divided by n?
7
Let i(o) = o**3 + o**2 + 2*o + 1. Let c be i(-2). Let r(s) = 3*s - 5. Calculate the remainder when 3/(-7) - 255/c is divided by r(8).
17
Let c = -3 - -9. Suppose 5*p = 320 - 200. Calculate the remainder when p is divided by c.
0
Let g(q) = -14*q - 18. Calculate the remainder when 124 is divided by g(-2).
4
What is the remainder when 950/4 + (232/(-16) - -13) is divided by 35?
26
Suppose -30*b + 4284 = -9*b. What is the remainder when b is divided by 19?
14
Suppose -v - 274 = -3*v - 5*w, -3*v + 365 = -4*w. Calculate the remainder when v is divided by 44.
39
Let w(x) = -x**3 - 3*x**2 + x + 39. What is the remainder when w(-8) is divided by 115?
6
Suppose 2748 = 58*w - 6590. What is the remainder when w is divided by 6?
5
Suppose -t - 161 = -5*f, 0 = -59*f + 54*f - 2*t + 173. Calculate the remainder when f is divided by 7.
5
Let d(p) = p**3 + 9*p**2 + 22*p + 0*p**3 - 29 - 18*p. Calculate the remainder when 162 is divided by d(-7).
39
Let p = -283 + 297. What is the remainder when 78 is divided by p?
8
Suppose 396*d - 385*d = 4246. Calculate the remainder when d is divided by 97.
95
Suppose w = -1 + 7. Let m = w + 70. Let i = -51 + m. Calculate the remainder when i is divided by 14.
11
Suppose 936 = 5*r + 21*r. Calculate the remainder when 91 is divided by r.
19
Suppose 11*s - 16*s - 250 = -5*h, -4*h + 208 = 4*s. Calculate the remainder when h is divided by 26.
25
Let s(n) = n**2 + 8*n - 9. Suppose 0 = 3*w - 39 + 12. Let j(r) = -r - 3. Let d be j(w). Calculate the remainder when s(d) is divided by 8.
7
Suppose -2*b + 63 = 21. Suppose -4 = 4*t - 6*t. Suppose 2*a - 14 = 3*l - 57, 5*l + t*a = 45. What is the remainder when b is divided by l?
10
Suppose -3*z = -z - 14. Let x = z + -6. What is the remainder when x is divided by 1?
0
Suppose 59618 = 3*b + 23*b. What is the remainder when b is divided by 27?
25
Suppose n + 16 = 5*n. Let t = 28 + -23. Suppose 16 = u - t*h, 2*h + 17 = 5*u - 2*h. Calculate the remainder when n is divided by u.
0
Suppose 148 = 5*d - 4*z, d = -d - 4*z + 48. Suppose 3*k + 4*t = k + d, 2*k - 2*t - 34 = 0. Calculate the remainder when 78 is divided by k.
14
Let a(p) = -p**3 - 14*p**2 + p + 14. Let v be a(-14). Suppose -3*d - d + 4*g + 172 = v, -d = 2*g - 43. Calculate the remainder when d is divided by 11.
10
Suppose 0*o = -2*o + 42. What is the remainder when (-166)/(-8)*-10*(-2)/5 is divided by o?
20
Let i = 115 - 103. What is the remainder when 17 is divided by i?
5
Let n(k) be the third derivative of -k**4/24 - 7*k**3/6 - 4*k**2. What is the remainder when 46 is divided by n(-19)?
10
Suppose 2935 = -9*v + 3196. What is the remainder when 401 is divided by v?
24
Suppose -l = 3*l. Suppose 2*y + y + 15 = -4*v, -v - 3*y - 15 = l. Let x(q) = -q**2 - q + 27. Calculate the remainder when 79 is divided by x(v).
25
Let r be (2/5 + (-18)/20)*2. What is the remainder when 119 is divided by (28 - 5) + (2/r - -3)?
23
Let n = 260 - 222. What is the remainder when 144 is divided by n?
30
Let s(j) = -6*j**2 + 10 - 14*j**2 - 9*j**3 + 8*j**3 + 21*j. Calculate the remainder when s(-21) is divided by 7.
3
Suppose -z = 3, -3*z + 3 = -r + 15. Suppose -41 = -r*l + 4*y, y + 50 = 2*l + 4*y. What is the remainder when 149 is divided by l?
16
Let p = 931 - 855. Calculate the remainder when 124 is divided by p.
48
Let j(y) be the first derivative of -y**4/4 - 8*y**3/3 - 2*y**2 - 14*y - 27. What is the remainder when 429 is divided by j(-8)?
15
Let o(k) = 0 - 6 - 2 + 5*k. Let z be 6/21 - 47/(-7). What is the remainder when o(z) is divided by 15?
12
Let x = 874 - 608. Suppose -4*n = 2*m - x, -5*n = m - 149 + 10. Suppose l - 4*l = -m. What is the remainder when l is divided by 11?
10
Suppose -131 + 155 = p. What is the remainder when 669 is divided by p?
21
Let a(h) = -h**2 - 17*h - 10. Let b be a(-17). Let p be 15/(-4)*(1 - -3). Let n = b - p. What is the remainder when 17 is divided by n?
2
Let k(v) = 1 + v - 19*v + 2 - 2. Suppose d + 3 = 2*y, d + 2*y = -2*y + 27. Calculate the remainder when k(-1) is divided by d.
5
Let u(l) = l**2 - 7*l + 24. What is the remainder when 646 is divided by u(10)?
52
Let k = 1909 - 1335. Calculate the remainder when k is divided by 83.
76
Suppose -56 = 5*m - 36. Let u = -1 + 30. Calculate the remainder when u is divided by m/(-6)*48/4.
5
Let q(c) = c**3 + 17*c**2 + 12*c - 21. What is the remainder when 52 is divided by q(-16)?
9
Let n(y) = -y**3 - 5*y**2 + 7*y + 11. Let l be n(-6). Suppose 4*c - l = 3, c = 4*b - 10. Calculate the remainder when 4 is divided by b.
1
Let k(i) = i + 7*i**2 + 0 + 0*i**2 + 1. Suppose 8*z - 10*z = -68. What is the remainder when z is divided by k(-1)?
6
Let x be -99*7/((-21)/4). Suppose 75 = l + 4*n, 5*n = 2*l + 7*n - x. What is the remainder when l is divided by 33?
30
Let c(u) = u**2 - 7*u - 4. Let h = 22 + -13. What is the remainder when 54 is divided by c(h)?
12
Suppose 179*t = 184*t - 250. What is the remainder when t is divided by 24?
2
Let g(x) = x + 137. Let k(c) = -6*c - 5. What is the remainder when g(9) is divided by k(-7)?
35
Suppose 5*a - 295 = -5*k, 295 - 16 = 5*a - 3*k. Suppose 3*p = -4*t - 178, -2*t - 7*p = -2*p + 96. Let z = -28 - t. What is the remainder when a is divided by z?
12
Let s(k) = -5*k + 194. Let d be 0 + ((-234)/(-2))/1. Suppose -p = 5*i + 19 - d, -i + 30 = -5*p. What is the remainder when s(23) is divided by i?
19
Suppose 57*f - 7208 = -49*f. What is the remainder when 212 is divided by f?
8
Suppose -x - 20 = -6*x. Calculate the rem